der when 451 is divided by 113?
112
Calculate the remainder when 99 is divided by 43.
13
Calculate the remainder when 2957 is divided by 2955.
2
Calculate the remainder when 363 is divided by 151.
61
Calculate the remainder when 765 is divided by 8.
5
Calculate the remainder when 212 is divided by 91.
30
Calculate the remainder when 238 is divided by 78.
4
What is the remainder when 923 is divided by 93?
86
Calculate the remainder when 142 is divided by 16.
14
Calculate the remainder when 419 is divided by 109.
92
What is the remainder when 494 is divided by 51?
35
What is the remainder when 292 is divided by 30?
22
What is the remainder when 222 is divided by 19?
13
Calculate the remainder when 211 is divided by 50.
11
Calculate the remainder when 1175 is divided by 62.
59
Calculate the remainder when 262 is divided by 45.
37
What is the remainder when 83 is divided by 18?
11
Calculate the remainder when 2794 is divided by 58.
10
Calculate the remainder when 897 is divided by 60.
57
Calculate the remainder when 294 is divided by 292.
2
Calculate the remainder when 1220 is divided by 402.
14
Calculate the remainder when 2037 is divided by 135.
12
What is the remainder when 162 is divided by 41?
39
What is the remainder when 607 is divided by 56?
47
What is the remainder when 5799 is divided by 29?
28
Calculate the remainder when 230 is divided by 79.
72
What is the remainder when 55 is divided by 32?
23
Calculate the remainder when 55 is divided by 12.
7
Calculate the remainder when 774 is divided by 214.
132
Calculate the remainder when 91 is divided by 81.
10
What is the remainder when 797 is divided by 275?
247
What is the remainder when 427 is divided by 86?
83
Calculate the remainder when 158 is divided by 145.
13
What is the remainder when 48 is divided by 13?
9
What is the remainder when 56 is divided by 15?
11
Calculate the remainder when 2240 is divided by 2236.
4
What is the remainder when 960 is divided by 8?
0
Calculate the remainder when 24 is divided by 8.
0
Calculate the remainder when 901 is divided by 298.
7
Calculate the remainder when 557 is divided by 90.
17
What is the remainder when 2257 is divided by 100?
57
Calculate the remainder when 486 is divided by 128.
102
What is the remainder when 921 is divided by 70?
11
What is the remainder when 1148 is divided by 16?
12
Calculate the remainder when 24 is divided by 18.
6
Calculate the remainder when 434 is divided by 40.
34
Calculate the remainder when 949 is divided by 24.
13
Calculate the remainder when 1531 is divided by 308.
299
Calculate the remainder when 1589 is divided by 43.
41
Calculate the remainder when 379 is divided by 108.
55
What is the remainder when 76 is divided by 25?
1
What is the remainder when 268 is divided by 54?
52
What is the remainder when 8361 is divided by 6?
3
What is the remainder when 3828 is divided by 1272?
12
Calculate the remainder when 169 is divided by 44.
37
What is the remainder when 112 is divided by 43?
26
What is the remainder when 79 is divided by 12?
7
What is the remainder when 64 is divided by 34?
30
Calculate the remainder when 718 is divided by 48.
46
Calculate the remainder when 611 is divided by 34.
33
What is the remainder when 477 is divided by 48?
45
Calculate the remainder when 1036 is divided by 18.
10
What is the remainder when 88 is divided by 26?
10
What is the remainder when 2602 is divided by 288?
10
Calculate the remainder when 111 is divided by 109.
2
Calculate the remainder when 48 is divided by 10.
8
What is the remainder when 28 is divided by 13?
2
What is the remainder when 32449 is divided by 50?
49
What is the remainder when 2692 is divided by 93?
88
Calculate the remainder when 215 is divided by 4.
3
What is the remainder when 734 is divided by 32?
30
Calculate the remainder when 504 is divided by 35.
14
What is the remainder when 23830 is divided by 18?
16
What is the remainder when 700 is divided by 19?
16
What is the remainder when 1237 is divided by 207?
202
Calculate the remainder when 1158 is divided by 4.
2
What is the remainder when 1436 is divided by 17?
8
What is the remainder when 8125 is divided by 16?
13
What is the remainder when 11794 is divided by 251?
248
What is the remainder when 542 is divided by 17?
15
What is the remainder when 6117 is divided by 102?
99
What is the remainder when 229 is divided by 11?
9
What is the remainder when 291 is divided by 35?
11
What is the remainder when 2223 is divided by 16?
15
Calculate the remainder when 1258 is divided by 60.
58
What is the remainder when 99 is divided by 79?
20
What is the remainder when 221 is divided by 11?
1
What is the remainder when 3052 is divided by 608?
12
What is the remainder when 216 is divided by 22?
18
Calculate the remainder when 6778 is divided by 113.
111
Calculate the remainder when 1022 is divided by 93.
92
Calculate the remainder when 382 is divided by 135.
112
What is the remainder when 403 is divided by 34?
29
What is the remainder when 949 is divided by 217?
81
What is the remainder when 1171 is divided by 581?
9
What is the remainder when 2498 is divided by 94?
54
Calculate the remainder when 810 is divided by 282.
246
What is the remainder when 144 is divided by 99?
45
What is the remainder when 329 is divided by 24?
17
What is the remainder when 29 is divided by 26?
3
Calculate the remainder when 407 is divided by 5.
2
Calculate the remainder when 78 is divided by 13.
0
What is the remainder when 422 is divided by 47?
46
What is the remainder when 592 is divided by 71?
24
Calculate the remainder when 3659 is divided by 183.
182
Calculate the remainder when 347 is divided by 58.
57
Calculate the remainder when 2392 is divided by 16.
8
Calculate the remainder when 299 is divided by 20.
19
Calculate the remainder when 388 is divided by 10.
8
Calculate the remainder when 77 is divided by 24.
5
What is the remainder when 126 is divided by 53?
20
What is the remainder when 2490 is divided by 830?
0
Calculate the remainder when 278 is divided by 93.
92
What is the remainder when 126 is divided by 70?
56
Calculate the remainder when 338 is divided by 83.
6
What is the remainder when 72 is divided by 26?
20
What is the remainder when 2718 is divided by 17?
15
What is the remainder when 34769 is divided by 114?
113
Calculate the remainder when 26187 is divided by 45.
42
Calculate the remainder when 128 is divided by 4.
0
What is the remainder when 2469 is divided by 130?
129
Calculate the remainder when 1007 is divided by 91.
6
What is the remainder when 240 is divided by 7?
2
Calculate the remainder when 169 is divided by 63.
43
What is the remainder when 404 is divided by 27?
26
What is the remainder when 45736 is divided by 99?
97
Calculate the remainder when 5329 is divided by 592.
1
Calculate the remainder when 1846 is divided by 35.
26
Calculate the remainder when 1352 is divided by 41.
40
Calculate the remainder when 238 is divided by 53.
26
What is the remainder when 18 is divided by 7?
4
Calculate the remainder when 174 is divided by 123.
51
Calculate the remainder when 8765 is divided by 137.
134
Calculate the remainder when 63 is divided by 32.
31
What is the remainder when 589 is divided by 93?
31
What is the remainder when 182 is divided by 63?
56
Calculate the remainder when 1217 is divided by 87.
86
Calculate the remainder when 288 is divided by 45.
18
Calculate the remainder when 256 is divided by 223.
33
Calculate the remainder when 315 is divided by 164.
151
What is the remainder when 602 is divided by 131?
78
Calculate the remainder when 702 is divided by 227.
21
What is the remainder when 81 is divided by 23?
12
What is the remainder when 271 is divided by 130?
11
Calculate the remainder when 3580 is divided by 893.
8
Calculate the remainder when 4467 is divided by 149.
146
Calculate the remainder when 181 is divided by 57.
10
What is the remainder when 176 is divided by 48?
32
What is the remainder when 4960 is divided by 2477?
6
What is the remainder when 96 is divided by 13?
5
What is the remainder when 243 is divided by 21?
12
Calculate the remainder when 209 is divided by 55.
44
Calculate the remainder when 79 is divided by 8.
7
What is the remainder when 54 is divided by 11?
10
Calculate 